
989
What is the highest common factor of 25203267 and 66681?
2151
What is the highest common divisor of 512 and 28310272?
256
Calculate the highest common factor of 251566 and 491519.
49
Calculate the greatest common factor of 293409 and 10989.
27
Calculate the greatest common factor of 30 and 10553030.
10
Calculate the greatest common divisor of 22 and 423127771.
11
What is the greatest common factor of 490 and 7918435?
35
What is the greatest common factor of 337573 and 820116?
2071
Calculate the greatest common factor of 3192 and 17748024.
168
Calculate the greatest common factor of 51892106 and 320362.
6538
What is the highest common factor of 22581 and 4180573?
193
Calculate the highest common divisor of 76043 and 8711.
31
What is the greatest common divisor of 248902058 and 302?
302
What is the greatest common divisor of 128359 and 1309?
77
What is the greatest common factor of 162113312 and 32?
32
What is the highest common divisor of 6201728 and 832?
832
What is the highest common factor of 7896185 and 22?
11
What is the highest common divisor of 3761263 and 1744?
109
What is the highest common factor of 1917568 and 10972?
844
What is the highest common divisor of 42178050 and 20?
10
What is the highest common divisor of 397331 and 59081?
451
Calculate the highest common divisor of 7200 and 1478592.
288
Calculate the greatest common divisor of 96 and 131306.
2
Calculate the greatest common divisor of 695148495 and 155.
155
What is the highest common factor of 60 and 215787020?
20
What is the highest common divisor of 13936 and 25461904?
208
What is the highest common factor of 314754 and 7153751?
2761
Calculate the greatest common factor of 10798052 and 68.
4
What is the highest common factor of 392685 and 564?
141
Calculate the highest common factor of 42 and 3321096.
6
What is the highest common factor of 3723608 and 1180?
236
Calculate the greatest common factor of 72449 and 7787.
13
What is the highest common factor of 28 and 97458032?
28
Calculate the highest common factor of 696416 and 37408.
224
Calculate the greatest common factor of 5462 and 60843949.
2731
Calculate the greatest common divisor of 3926844 and 139764.
228
Calculate the greatest common factor of 38556 and 48586068.
5508
Calculate the highest common factor of 222678037 and 116.
29
Calculate the highest common divisor of 131 and 3551279.
131
Calculate the greatest common divisor of 5192 and 296098462.
1298
Calculate the highest common divisor of 2582070 and 45.
15
What is the greatest common factor of 265648 and 2576?
16
What is the greatest common divisor of 231322 and 158424?
574
Calculate the greatest common factor of 101530 and 338741.
923
Calculate the greatest common divisor of 11839631 and 8.
1
Calculate the highest common divisor of 87 and 55073233.
29
What is the highest common divisor of 194 and 4795486?
194
What is the highest common divisor of 82164 and 23775900?
492
What is the greatest common divisor of 47971 and 795927?
979
Calculate the greatest common factor of 69472 and 70759.
13
What is the highest common divisor of 3815100 and 12636?
972
What is the highest common divisor of 1618 and 670173982?
1618
What is the greatest common divisor of 11260095 and 40425?
1155
Calculate the highest common factor of 13 and 14380067.
13
What is the highest common factor of 4450 and 461198?
178
What is the greatest common divisor of 4087715 and 393397?
317
Calculate the highest common divisor of 6293 and 18959011.
899
What is the greatest common factor of 1949457 and 18791?
437
What is the highest common factor of 128 and 197733632?
128
What is the greatest common factor of 654896 and 224114?
1342
What is the highest common divisor of 2447 and 2302627?
2447
What is the highest common divisor of 286142 and 153278?
346
What is the highest common divisor of 575 and 2481650?
25
Calculate the greatest common factor of 14900993 and 221.
17
Calculate the highest common divisor of 31365841 and 298.
149
Calculate the highest common factor of 2370 and 1551190.
10
What is the greatest common factor of 2850007 and 5?
1
What is the greatest common divisor of 27077024 and 3744?
416
Calculate the greatest common factor of 86113640 and 40.
40
What is the greatest common factor of 7586072 and 24?
8
Calculate the highest common factor of 2172 and 979753.
181
Calculate the greatest common factor of 8 and 1578403544.
8
Calculate the greatest common divisor of 368 and 1142481484.
92
Calculate the greatest common factor of 483 and 305277.
21
Calculate the highest common divisor of 86535849 and 9.
3
What is the highest common factor of 369864 and 651465?
4203
Calculate the greatest common divisor of 303 and 397786278.
303
Calculate the greatest common divisor of 395 and 5382665.
395
What is the highest common divisor of 4985906 and 609161?
5119
What is the highest common divisor of 1290 and 107390?
10
What is the greatest common factor of 134725 and 38250?
425
What is the highest common divisor of 552 and 12059268?
276
What is the highest common divisor of 56548486 and 404?
202
Calculate the greatest common factor of 6341832 and 696.
24
What is the highest common factor of 7536002 and 66802?
526
What is the highest common factor of 359135 and 62477905?
11585
Calculate the highest common divisor of 3880875 and 11455.
395
Calculate the highest common divisor of 35744 and 273472.
32
Calculate the greatest common factor of 4631 and 67474.
11
Calculate the highest common factor of 77042311 and 2777.
2777
Calculate the greatest common factor of 846890299 and 15669.
1741
Calculate the highest common factor of 369054 and 7047.
261
What is the greatest common divisor of 71274 and 13506?
6
What is the greatest common divisor of 27 and 27181953?
27
Calculate the highest common factor of 24816192 and 408.
408
Calculate the highest common divisor of 304 and 14430158.
38
Calculate the greatest common divisor of 157366 and 9326890.
622
What is the greatest common factor of 272875 and 173755?
295
What is the greatest common factor of 17750890 and 1870?
170
What is the greatest common divisor of 294730 and 4680?
10
Calculate the greatest common factor of 14229 and 352969317.
4743
Calculate the greatest common divisor of 11226939 and 31864.
569
What is the greatest common factor of 8970970 and 440?
10
Calculate the greatest common divisor of 7664 and 17751740.
1916
What is the highest common factor of 7047850 and 556450?
1550
What is the highest common factor of 1652 and 12622696?
236
Calculate the greatest common factor of 725 and 93351.
29
Calculate the highest common factor of 30 and 172895950.
10
Calculate the greatest common divisor of 153310 and 30.
10
What is the highest common divisor of 13 and 253709144?
13
Calculate the greatest common factor of 127043582 and 1058.
1058
Calculate the highest common divisor of 406126313 and 178.
89
What is the highest common factor of 268 and 19518507?
67
Calculate the greatest common divisor of 922129 and 799487.
1157
Calculate the greatest common divisor of 233387669 and 404.
101
Calculate the highest common divisor of 8764920 and 20.
20
Calculate the highest common factor of 44564 and 79144.
52
What is the greatest common divisor of 26028 and 2214?
54
Calculate the greatest common divisor of 77 and 2500619.
11
Calculate the greatest common divisor of 8067983 and 616.
77
What is the highest common divisor of 1022 and 35919139?
73
What is the greatest common divisor of 561249 and 24930009?
4797
Calculate the highest common divisor of 58968 and 720198.
54
What is the greatest common divisor of 23911518 and 2202?
2202
What is the greatest common factor of 66404 and 11333375?
1277
What is the highest common factor of 4982 and 4826806?
94
What is the highest common divisor of 34760040 and 10920?
840
Calculate the greatest common divisor of 234724 and 26563.
101
What is the greatest common divisor of 10587333 and 7314?
159
What is the highest common factor of 10193 and 409?
1
Calculate the highest common factor of 158226208 and 2516.
2516
What is the greatest common divisor of 1035 and 3197805?
345
Calculate the highest common divisor of 82180 and 956060.
140
What is the greatest common divisor of 174 and 18116445?
87
What is the highest common factor of 1464